**4/4 + 5*x**3/3 - 3*x**2/2 - 2*x - 6. Give l(k).
2
Let i(k) = -k. Let b(t) = 30 - 8 + t - 3*t. Let z be b(9). Suppose 91 = z*w - 17*w. Give i(w).
7
Suppose -6*z = -113 + 83. Let p = 10 + -7. Let r(k) = 0*k**2 - 2*k - 4*k**2 - 2*k + k - 2 + k**p. What is r(z)?
8
Let h(o) = -o + 10. Let a(q) = -q + 10. Let r(s) = -3*a(s) + 4*h(s). Let u be ((-8)/20 - -1) + 80/(-50). Let t be -12*(u + 6/12). Give r(t).
4
Let s(a) = a**3 + 9*a**2 + 8*a - 7. Suppose -8*q - 14*q = -13178. Let b = 591 - q. Calculate s(b).
-7
Let v(g) = 4*g - 14. Suppose 4*j = j - 3, 5*c - 40 = 5*j. Give v(c).
14
Let x(m) = 6*m - 2. Suppose 6*i - 4*i = 2*f - 10, 0 = -3*f + i + 13. Suppose -13 = -f*w - 5*o, 4*w - 4*o - 6 = -w. Calculate x(w).
10
Let d be ((-7)/(-28))/(0 - (-1)/8). Let y(h) = 2 + 1227*h - 4 - 2445*h + 1224*h - d. Calculate y(3).
14
Suppose 81*p = 79*p + 10. Let s(w) = 7 - 3*w + 45*w**2 - 2*w**3 - p*w + 39*w**2 + w**3 - 92*w**2. Give s(-7).
14
Let g be (-15 - -19)/((-2)/4) + (55 - 57). Let f(j) = -3*j**2 - 21*j - 11. Calculate f(g).
-101
Let p(g) = 83*g**2 + 1. Let j be p(1). Suppose -2*x + 3*x - 5 = l, -23 = 3*l - 5*x. Let r be (-406)/j + 1/(6*l). Let h(a) = -a**3 - 6*a**2 - 3*a. What is h(r)?
-10
Let v(k) = -k**3 + k + 9. Let b(w) = -w**2 + 16*w - 27. Let u be (0/5)/(-2) + 0 + 14. Let m be b(u). Let s be (0/m)/(18 - 19). Give v(s).
9
Let z(t) = 2*t**3 - 3341 + 3334 + 3*t**2 - 3*t**3 + 13*t. What is z(5)?
8
Let g(j) = -17*j + 89. Suppose -3*q + 417*h - 416*h = -20, -5*q + 6*h = -42. Calculate g(q).
-13
Suppose 6 = 3*m - 12. Let j(b) = -2*b**3 - 2*b**2 - 3*b - 6. Let z(c) = 5*c**3 + 3*c**2 + 5*c + 12. Let k(v) = -7*j(v) - 3*z(v). Give k(m).
6
Let j = 1244/7 + -7457/42. Let r(m) be the third derivative of 0*m + 0 + 1/15*m**6 + 1/30*m**5 + 0*m**4 - j*m**3 - 9*m**2. Determine r(-1).
-7
Let s(u) be the third derivative of u**5/60 - 5*u**4/6 + 41*u**3/6 + 6241*u**2. Determine s(18).
5
Let w(z) = -z**3 + 6*z**2. Let h be w(6). Let a(f) = 6*f**2 + h*f**3 - 5*f + 4 + 0*f**3 + f**3. Suppose 0 = 16*g + 112584 - 112472. Give a(g).
-10
Suppose 10*k - 16*k = -36. Let x be (k/(-8))/(0 - (-7)/28). Let a(g) = 7*g - 1. Determine a(x).
-22
Let p(c) = -2*c**3 + 14*c**2 + 13*c + 13. Let f be p(8). Let u(j) = 2*j**2 + 25*j + 24. Calculate u(f).
-9
Let b(a) be the third derivative of -a**5/60 - a**4/4 + a**3 + 2*a**2 - 3*a. Let q(x) = -x**2 - 14*x - 55. Let r be q(-7). Calculate b(r).
6
Let q(p) be the third derivative of p**6/120 + p**5/30 + p**4/12 - p**3/6 - 4*p**2. Suppose 8*u + 24 = 8. What is q(u)?
-5
Suppose 0 = -15*i + 9*i - 6. Let c be 0 - (3 + 1 + (-2 - i)). Let h(k) be the second derivative of 5*k**3/6 + 3*k**2/2 + k. Give h(c).
-12
Let s(z) = -z - 244. Let t(c) = -7*c - 608. Let p(o) = -5*s(o) + 2*t(o). Let v = 0 - -3. Determine p(v).
-23
Let n(j) = -11*j - 19. Suppose -14*c + 88 + 152 = -34*c. Determine n(c).
113
Let i(b) = 6*b**3 - 5*b**2 - 6*b - 6. Let x be i(-3). Let q = 184 + x. Let c(a) = -a - 8. What is c(q)?
3
Suppose -5*u = m - 5*m - 44, -4*u = 5*m + 14. Suppose -4*a + 5*z = 7, 2*a = 4*a + z - 7. Let f(v) = -4*v**2 - 2*v**2 - v**a + 6 + 6*v**2 - 5*v. Give f(m).
0
Let c(b) = -9*b - 174. Suppose -23 = 2*a + 5*s, -s + 0*s = -3. What is c(a)?
-3
Let p(a) = 144*a + 974. Let b(g) = -49*g - 324. Let l(w) = -14*b(w) - 5*p(w). Calculate l(-10).
6
Let t be (-4)/(-6)*(-15)/(-2). Suppose 4*u + 10 = 2*r, 9 = 2*r - 0*r - t*u. Let p(g) = -g**2 + 8*g - 2. What is p(r)?
5
Let x(v) be the first derivative of -2*v**3/3 - 5*v**2 - 17*v - 9675. Give x(-3).
-5
Let d = -18 + 31. Let j = d - 11. Let r(l) = j*l - l - 3*l + 5*l**2 - 4*l**2 - 5. Determine r(4).
3
Let j(q) = -6 + q**3 + 3*q - 2*q - 2*q + 6*q**2. Let w(i) = -114*i + 122*i - 41 - 13. Let k be w(6). Give j(k).
0
Let w be 594/162 + (-2)/3. Let v(u) = -5*u**2 - 3*u - 3. Determine v(w).
-57
Let i(v) = -v**3 + 3*v**2 + 11*v - 9. Let n = -2695 + 2700. Determine i(n).
-4
Suppose 4 = -o - 3*m, 0 = -2*o - 6*m + 7*m - 29. Let v(i) = i**2 + 11*i + 7. What is v(o)?
33
Let t be -5 - 5580/(-60)*((-10)/6 + 2). Let v(c) = c - 44. Give v(t).
-18
Let u(w) = 7*w**2 - 34*w + 26. Let z be u(3). Let g(v) = 7*v + 19. Give g(z).
-72
Let p(n) = -8*n - n**3 + 52*n**2 + 7*n - 51*n**2. Give p(2).
-6
Let c(m) be the third derivative of m**7/2520 - m**6/720 + m**5/120 + 41*m**4/24 + 39*m**2. Let s(q) be the second derivative of c(q). Calculate s(3).
7
Suppose s - 4*f = 19, 3 = 4*s + 5*f + 11. Let t(v) = -15*v**2 - v**3 + 0 + 0*v**s + 14*v**2 - 2. Give t(-2).
2
Let b(h) be the second derivative of h**4/12 - 2*h**3/3 + h**2 - h. Suppose -20*g + 28*g + 42*g = 150. What is b(g)?
-1
Let j(n) = 3*n - 329 + 4*n + 9*n - 7*n - 2*n. Give j(46).
-7
Let y(r) be the second derivative of -r**5/5 + r**4/4 + r**3/6 - r**2 + r. Let s be 273/63*60/130. Determine y(s).
-20
Suppose 2*a - 94 - 86 = 2*p, 3*p = 6. Suppose 0 = -2*c - 3*c + 2*s + 158, -4*s = -3*c + a. Suppose 33*m - 5 = c*m. Let k(b) = b**2 - 3*b - 2. Calculate k(m).
8
Suppose -169 = 5*p - d, -3*p - d = 2*p + 171. Let t = p - -41. Let i(s) = -t*s - 10*s + 10*s. Calculate i(1).
-7
Suppose 0 = 136*k - 147 - 261. Let y(h) = -h**3 + 3*h**2 - 2*h + 4. Give y(k).
-2
Let p(o) = -37*o + 313. Let c(t) = 8*t - 68. Let d(k) = 23*c(k) + 5*p(k). Let r = 2 + 0. Calculate d(r).
-1
Suppose -3*n + 5 = 2*l, 7*l - 3*l + n = 15. Let c be (420/(-240))/(1/l). Let x(v) = v**2 + 4*v - 8. Give x(c).
13
Let h = -62 - -136. Suppose -p = -h + 81. Let t(r) = r**2 + 6*r + 3. What is t(p)?
10
Suppose u + y = -3*u + 24, u = 2*y - 3. Let x(w) be the third derivative of 0*w - 7/24*w**4 + 0 - 110*w**2 + 1/60*w**5 + 7/6*w**3. Calculate x(u).
-3
Suppose 5*r - 5*y = r + 48, 36 = 3*r - 4*y. Let a(u) be the first derivative of -u**2/2 + 8*u - 9. Give a(r).
-4
Let i(a) = -2*a**2 - 5*a. Let s(n) = n**2 - n. Let q(y) = i(y) - 2*s(y). Suppose 1134*c = -3203 + 935. What is q(c)?
-10
Let j(q) = -q. Let i(k) = k + 5. Let d(l) = i(l) - 2*j(l). Let w = -1632 - -1622. Give d(w).
-25
Let f(l) = -l**2 + l - 4. Let c be f(0). Let u(h) be the first derivative of h**3 + 5*h**2 + 111. Let v be u(c). Let j(n) = -n**2 + 7*n + 4. Determine j(v).
-4
Let y(c) be the first derivative of 13*c**5/20 + c**2/2 - 257*c - 205. Let f(j) be the first derivative of y(j). Let g be 1 - (1 + 1*-1). Calculate f(g).
14
Let l(q) be the third derivative of q**5/60 + 5*q**4/24 + q**3/6 + q**2. Let g(o) = 51*o**2 + 21*o - 6. Let h be g(-2). Suppose -u = -h + 162. Calculate l(u).
7
Let h = -13936 + 13940. Let s(g) = 10*g - 26. Give s(h).
14
Let l = 7728 - 7720. Let c(u) = -6*u - 13. Determine c(l).
-61
Suppose 0 = -10*n + 7*n - 108. Let a be (-24)/(-9) - 16/n*3. Let r(t) = 2*t**2 + 7*t. Let b(p) = 3*p**2 + 8*p. Let d(i) = 3*b(i) - 4*r(i). Give d(a).
0
Let o(v) be the first derivative of 0*v - 13 - 4*v**2 - 1/24*v**4 + 2/3*v**3. Let w(i) be the second derivative of o(i). Calculate w(0).
4
Let a be -3*2 + -1 + 4. Let u(o) = -44*o**2 + 3*o - 2. Let y(j) = 15*j**2 + j + 3. Let f(h) = -u(h) - 3*y(h). Calculate f(a).
2
Let z(p) be the third derivative of 0 - 10*p**2 + 1/3*p**3 + 3/8*p**4 + 0*p. Calculate z(2).
20
Let a(h) = -13*h - 4. Suppose -2*i = -6, 39 = -4*g - 2*i + 7*i. Give a(g).
74
Let x(a) = 40*a + 30. Let r be x(5). Let f(c) = -116*c - 4 + r*c - 116*c. Give f(5).
-14
Let r(o) be the second derivative of o**4/12 + 11*o**3/3 - 81*o**2 + 1033*o. What is r(-28)?
6
Let s(y) = -16*y - 2. Let a(f) = 18*f + 1561. Let k be a(-87). Calculate s(k).
78
Let n(i) = -1 - i**2 + 3*i - 7*i - 1. Let k be (8 - 91/(-49)) + 12/(-14). Suppose -275 = -k*r - 320. Calculate n(r).
-7
Let a(w) = 37*w - 112. Let i(l) = 267*l + 270. Let y be i(-1). What is a(y)?
-1
Let g(d) = -12*d + 3 + 17*d + 1 - 8. Suppose w - 5*w = -24. Let j be 4/w*72/16. Determine g(j).
11
Let a(u) = -u - 1. Let k(h) = 6*h - 41. Let q be k(7). Let s(r) = 8*r - 6. Let g be s(q). Determine a(g).
-3
Let j(v) be the second derivative of -v**5/20 - 5*v**4/4 + 35*v**3/6 + 11*v**2 - 9360*v. Calculate j(-17).
5
Let d(l) = 1 + 13 - 3 + 458*l - 446*l. Let s(r) = -5*r - 6. Let z(u) = -2*d(u) - 5*s(u). What is z(-5)?
3
Let i = -94 + 96. Let p(a) = -a**i + 6 + 4*a - 24*a + 4*a + 10*a. Determine p(-7).
-1
Let i(a) = -515*a**3 + 2*a**2 - 2*a - 3. Let k be i(-1). Let r(c) = 514*c**3 - k*c**3 - c**2 - 4*c - 3 - 2*c**2. Determine r(-2).
9
Let c(r) = -r - 2. Suppose